mainder when q is divided by 20?
14
Let l be -3*(-50)/15*(-3)/3. Let t be (-70)/l*(0 + 1). Suppose -t*f = -0*f - 658. Calculate the remainder when f is divided by 19.
18
Suppose 4*m = -5*r + 91, r - 6 = m + 5. Calculate the remainder when 85 is divided by r.
10
Let g(t) = -t**2 - 10*t + 37. Let q be g(-13). What is the remainder when 65 is divided by q/17 - (-2037)/119?
14
Suppose -42 = -9*o + 6*o. Let d be -1 + 12 + (11 - o). Let r = 14 - d. What is the remainder when 17 is divided by r?
5
Suppose 0 = -2*s + 4*q + 34, 3*s - 2*q - 19 = 28. Suppose 0 = -y + s. Calculate the remainder when 14 is divided by (-80)/y*(0 - (-3)/(-2)).
6
Let a be (-4)/18 + (-814)/(-99). Let i(j) = -2*j**2 + 31*j - 25. Calculate the remainder when i(a) is divided by 52.
43
Suppose -1317 = -3*l + 5*i + 110, -6*i = 5*l - 2407. Calculate the remainder when l is divided by 37.
35
Suppose -54 = 8*r + 19*r. Let x(m) = 3*m**2 - m - 10. Calculate the remainder when 178 is divided by x(r).
2
Let t = -4522 - -4682. Suppose 7*w = 2*w + 90. What is the remainder when t is divided by w?
16
Suppose 127*f - 125*f = -4*w + 208, -4*f - w + 381 = 0. Calculate the remainder when 112 is divided by f.
18
Suppose 5*d = 4*d + 27. Let v(p) = 8*p**2 + 6*p + 7. Let r be v(5). What is the remainder when (r/(-15))/((-5)/25) is divided by d?
25
Suppose 1446 = -5*s - 2*i, -2*i - 6 = -0*i. Suppose y + 5*f - 2*f + 6 = 0, y = -4*f - 9. Calculate the remainder when 67 is divided by (y/4)/((-12)/s).
13
Let u be (2/(-6))/((-11)/1485). Let j = u - 40. Let p(m) = -m**3 - m**2 - m + 19. What is the remainder when p(0) is divided by j?
4
Let p(n) = -n**2 + 14*n + 5. Let f be p(5). What is the remainder when 213 is divided by f/75 - (-52)/3?
15
Suppose 270 = 328*o - 313*o. Calculate the remainder when 158 is divided by o.
14
Suppose r + 51 = 5*i, 4*i - r + 0*r = 40. Suppose -14*u = -i*u - 6. Suppose -u*g + g + 4*c = -1, 3*g - 3*c = 12. What is the remainder when 17 is divided by g?
2
Suppose -40*f - 12856 = -43357 - 28059. Calculate the remainder when f is divided by 485.
9
Let f = 206 + -159. Suppose -3*g + 1 = -2*g, 3*d = -2*g + f. What is the remainder when 118 is divided by d?
13
Let x = 3499 + -3432. What is the remainder when 3613 is divided by x?
62
Let y = 22 + -6. Let x(t) = -8*t + 28 - 7*t - 7. Calculate the remainder when x(-8) is divided by y.
13
Let p be ((-75)/4)/15*(-27 + -1). Let t = p - -5. Calculate the remainder when t is divided by 14.
12
Let v be 154/6 + -3 - 2/3. Suppose 3312 = v*d - 714. Calculate the remainder when d is divided by 27.
21
Calculate the remainder when 22 + 0/2 + -1 is divided by ((14/9*-3)/(54/162))/(-1).
7
Let x be (-681)/(-10) - (-33)/(-330). Suppose -x*i = -654 - 2406. What is the remainder when i is divided by -24*(1 + 6/(-4))?
9
Suppose 0*j = a - j - 7, 0 = -2*a + 5*j + 2. Calculate the remainder when (-16 - -19)/(3/a) is divided by 16/4 + -3 + 2.
2
Let o be -1 - -2 - (1 - -45). Suppose 2*a - 5*j - 63 = 45, 2 = j. Let d = o + a. What is the remainder when 52 is divided by d?
10
What is the remainder when 3309 is divided by (-208)/39*51/(-34)?
5
Suppose 6*u + 94 = 4*g + 9*u, u + 77 = 3*g. What is the remainder when 561 is divided by g?
11
Let j(o) = o**3 - 6*o**2 - 18*o - 21. Let q be j(10). Suppose -2*m = 4*z - 278, -5*z - 3*m + 149 = -q. What is the remainder when 202 is divided by z?
64
Suppose -h + 6*x = 2*x - 126, 0 = -3*h - x + 443. Calculate the remainder when (1/2*-6)/(2/(-70)) is divided by (-7)/(-42)*-3 + h/4.
33
Calculate the remainder when (-216 + 11 + -4)*-1 is divided by ((-80)/(-35))/(-4) - 298/(-7).
41
Calculate the remainder when 45/360 - (-3996)/32 is divided by 30.
5
Calculate the remainder when (384/(-80) - -6) + 314/5 is divided by 14.
8
Let k be 1/(2/6) + 6. Let x be (-15 + k)/(3/(-2)). Suppose x*b = 5*z - 148 - 67, -5*z = -3*b - 215. What is the remainder when z is divided by 9?
7
Suppose 13*g - j = 16*g - 3293, g - 1093 = -5*j. What is the remainder when g is divided by 68?
10
Suppose -30*t + 34*t - 206 = 3*r, 5*r - 82 = -3*t. Let u be (-6)/(-5) + 2/(-10). Let c = 10 - u. Calculate the remainder when t is divided by c.
8
Let v(q) = q**3 - 32*q**2 + 10*q - 247. What is the remainder when v(32) is divided by 31?
11
Let y(p) be the third derivative of p**5/10 + 13*p**4/24 - p**3/2 - 167*p**2. What is the remainder when 153 is divided by y(-3)?
9
Let n(k) = -k**2 - 30*k - 184. Let m be n(-9). Suppose m*t + 2*b = 218, -4*b = 5*t + 97 - 323. What is the remainder when t is divided by 24?
18
Suppose -27 = -7*n + 4*n. Suppose -73 = -k - p, 4*k - 2*p = 455 - 121. Calculate the remainder when k is divided by n.
8
Let m(i) = -26*i - 278. Let o be m(-8). Suppose 3*z - 2*z + 53 = -c, 5*z - 5*c = -285. Let a = z - o. Calculate the remainder when 27 is divided by a.
12
Suppose -5*o = 3*p - 1820, 1860 = -0*p + 3*p - 3*o. Let u = p + -591. Calculate the remainder when 77 is divided by u.
5
Suppose -g - 2*q = 2*g + 509, 3*q = -12. Let n = 211 + g. Suppose -7*s + 2*s + 645 = 0. Calculate the remainder when s is divided by n.
41
Let j(i) = 76*i - 64. Let c be j(4). Let a = c + -180. What is the remainder when a is divided by 20?
0
Suppose 3474*w - 2484 = 3428*w. Calculate the remainder when 5145 is divided by w.
15
Let o = -292 - -468. Let c(y) = y**3 - 81*y**2 + 594*y - 44. Calculate the remainder when o is divided by c(8).
32
Let b = 4626 + -4449. What is the remainder when 9733 is divided by b?
175
Suppose 3 = 5*f - 2*g, -4*g = -2*f - 2 + 16. Let w be 87/58*(f + 3). Suppose -33 - 30 = -w*p. What is the remainder when 37 is divided by p?
16
Suppose -37*t + 27*t - 280 = 0. Let f = 56 + t. Calculate the remainder when 159 is divided by f.
19
Suppose z + 19 = 5. Let c = z - -16. Suppose -c*o = -o - 45. What is the remainder when 89 is divided by o?
44
Let y = -5545 + 5562. Suppose 2*l = 5*l - 147. Suppose 0 = -4*p - y + l. What is the remainder when p is divided by 4?
0
Let y(i) = 146*i - 99. Let r be y(-2). Let o = 428 + r. What is the remainder when o is divided by 21?
16
Suppose -147*u = -242*u - 411*u + 3036. What is the remainder when 13588 is divided by u?
4
Let o = 130 + -135. Let i(w) = -w**3 - 5*w**2 - 6*w - 17. Calculate the remainder when 99 is divided by i(o).
8
Suppose 0 = 3*w + 2*h - 586, 0 = h - 5*h + 20. Calculate the remainder when 1535 is divided by w.
191
Let z(u) = 9*u + 2482. What is the remainder when z(0) is divided by 35?
32
Suppose -766 = -4*b - 214. Let h = 336 - b. What is the remainder when (-4)/18 - (-13706)/h is divided by 18?
15
Let t = -358 - -484. Let y = 580 - 564. What is the remainder when t is divided by y?
14
Let y = 0 - -5. Suppose 0 = y*f + 26 + 64. Let r = -8 - f. What is the remainder when r is divided by 3?
1
Suppose -2*h = 2*w - 4, 0 = 3*w - 2*h - 5 - 16. Suppose -w*b + 191 = 2*z - 20, 0 = -z + 3. What is the remainder when b is divided by 15?
11
Let p = 14576 + -14450. What is the remainder when 23056 is divided by p?
124
Suppose -22*b = -8*b - 7448. Let f = b + -531. Calculate the remainder when 4 is divided by f.
0
Let n(k) = 12*k + 5. Let v be n(-11). Let d = 131 + v. What is the remainder when 70*(d - 3*28/24) is divided by 19?
16
Let w = -84 + 84. Suppose -2*x - 3*x = -3*a - 157, 5*x - 4*a - 161 = w. Calculate the remainder when 171 is divided by x.
26
Suppose 5*m + 52 = 10*r + 392, 0 = 5*m + r - 417. Let d = 171 - 33. Suppose -5*o + d = 33. Calculate the remainder when m is divided by o.
19
Let r(o) = -5*o**3 + o**2 - 7*o**2 + 7*o**3 - 3 + 8*o**2 + 2*o. What is the remainder when r(3) is divided by 25?
0
Let p(a) = -a + 55 + 5 - 52. Let s(v) = -11*v**2 - 2*v - 1. Let l be s(-1). Calculate the remainder when 69 is divided by p(l).
15
Let j(d) = 12*d**2 + 19*d + 13. Calculate the remainder when 1681 is divided by j(-1).
1
Suppose 0 = 3*l - 10 - 11. Let c(o) = -1587*o + 12749. Calculate the remainder when c(8) is divided by l.
4
Suppose -11226 + 2646 = -44*j + 32*j. What is the remainder when j is divided by 72?
67
Let b(r) = 14*r**3 - 6*r**2 - 2*r + 10. Let j(l) = -13*l - 128. Let p be j(-10). Calculate the remainder when b(p) is divided by 20.
14
Let z(h) = -14*h**2 - 8*h + 54. Let y be z(6). Let t = y - -513. What is the remainder when 53 is divided by t?
8
Let z be ((-80)/(-24))/((-4)/9)*-2. What is the rem